derivative of b**4/12 - 5*b**3/6 - 9*b**2/2 + 7*b. List the prime factors of a(8).
3, 5
List the prime factors of 1 + 37 + (-5 - -3) + 2.
2, 19
Let z be ((-10)/(-15))/(6/603). Suppose -z - 35 = -2*x. What are the prime factors of x?
3, 17
Let k be 0 + (-1 - 1) - 3. Let c(a) = -a - 1. What are the prime factors of c(k)?
2
Suppose -631 = -6*t + 3*t - 4*r, -5*t - 3*r = -1048. What are the prime factors of t?
11, 19
Let p be (5/5)/(1/2). Suppose -t - p = -2*t. Suppose 0 = t*l + 1 - 17. List the prime factors of l.
2
Let q(s) = s**3 + 4*s**2 + 4. List the prime factors of q(-4).
2
Let v(t) = 0*t + t - 6 - 4*t. What are the prime factors of v(-7)?
3, 5
Suppose -63 = -l + 2*u, -240 = -5*l - 3*u - 2*u. List the prime factors of l.
53
Let h(i) = -3*i + 13. List the prime factors of h(-18).
67
Let c(u) = -u**3 + 4*u**2 - 3*u + 2*u**3 - 1 - 6*u**2 - 2*u**3. List the prime factors of c(-2).
5
Let n = 0 - -18. What are the prime factors of n?
2, 3
Suppose -a = -9*a + 768. List the prime factors of a.
2, 3
Let h = 16 + -34. List the prime factors of (-12)/(-54) - 446/h.
5
Suppose -5*l - 38 = c, 4*l = -0*c + c - 25. Let p = l - -17. List the prime factors of p.
2, 5
Let p(i) = -i - 3. Let c be p(-5). Suppose -8 = -c*t + 28. List the prime factors of t.
2, 3
Suppose c - 287 = -9*w + 7*w, -3*w + 5*c = -437. List the prime factors of w.
2, 3
Suppose 0 = b + 2*z - 75 - 11, 0 = 5*b + 2*z - 438. What are the prime factors of b?
2, 11
Suppose -3 = 4*f - 11, 4*f = 5*d - 57. Let b = -19 + d. List the prime factors of -1 - -1 - 12/b.
2
Suppose 12 = 2*o + l - 11, -4*l + 56 = 5*o. Let a = -6 + o. List the prime factors of a*(15/6 - 1).
3
Suppose 3*u - 4*n - 204 = n, -69 = -u + 2*n. Let s = u + -29. What are the prime factors of s?
2, 17
Let w(l) be the second derivative of l**4/12 - l**3 - l**2 + 2*l. What are the prime factors of w(7)?
5
Suppose -3*z = z - 12. Let d(a) be the second derivative of a**5/20 - a**4/12 - a**3/6 + 2*a**2 + 2*a. What are the prime factors of d(z)?
19
Suppose 40 = -2*p - 0*p. Let r = p - -34. What are the prime factors of r?
2, 7
Suppose 2*n + 3*i = -0*n + 84, -4*i + 8 = 0. List the prime factors of n.
3, 13
Let f be 20/(-6) + 2/6. Let x = 80 + -69. What are the prime factors of x/3*-2*f?
2, 11
Let v be -73 + (2 - 1)*1. Let t = -30 - v. Suppose -3*h - 61 = -3*n + h, -t = -2*n + 4*h. What are the prime factors of n?
19
Let f(p) = 34*p**3 - p**2 + 3*p - 1. Let m = 19 + -18. What are the prime factors of f(m)?
5, 7
Suppose -30 = -5*g + 10. What are the prime factors of g?
2
Suppose l - 53 = -9. What are the prime factors of l?
2, 11
Let w(b) = -b - 2. Let a be w(-2). Suppose 5*n - 35 - 10 = a. Let v = 2 + n. What are the prime factors of v?
11
Suppose -3*w = 12, 3*d - d = 3*w + 10. Let y = 2 + d. Let v = y - -5. What are the prime factors of v?
2, 3
Let p = 0 + 0. Let b be p - 6/(2 - 1). Let o(u) = -u + 12. What are the prime factors of o(b)?
2, 3
Suppose 2*q + 2*s - 68 + 6 = 0, 4*q - 2*s = 94. What are the prime factors of q?
2, 13
Let x(u) = -2 + 2*u**2 + 0 + 5*u + u**3 - 2*u**3. List the prime factors of x(3).
2
Suppose o = 5*o - 2*f + 98, -5*f + 110 = -5*o. What are the prime factors of (o/15)/(3/(-10))?
2, 3
Let i(t) be the second derivative of t**5/20 + t**4/6 - t**2/2 - 2*t. Suppose -l + 0*l + 1 = 0. What are the prime factors of i(l)?
2
Let l = -2 + 8. List the prime factors of 2547/63 - l/14.
2, 5
Suppose -5*s - b = -27, 6*b + 33 = 3*s + b. Let f be (21/s + -3)*6. Suppose 3*t + 2 = -i, 0*t + 6 = -f*t. What are the prime factors of i?
2
Let x(g) = -8*g - 1. Let l be x(3). Let h(y) = y**3 - 4*y**2 - 5*y + 5. Let i be h(4). Let b = i - l. What are the prime factors of b?
2, 5
Let t(b) = -b**2 + 3*b + 4. Let w be t(5). What are the prime factors of (3/w)/((-2)/56)?
2, 7
Suppose -2*b = -4*f - 140, -5*b + 17 = -4*f + 3*f. Let x = f + 52. What are the prime factors of x?
3, 5
Suppose -8*c - 3333 = -19*c. What are the prime factors of c?
3, 101
Let w(r) = r + 5. Let b be w(-5). Let f(m) = m**3 - m**2 - m - 1. Let q be f(b). What are the prime factors of 1/((q - -4)/21)?
7
Let k(z) = -z**3 + 3*z**2 + 3*z - 2. Let d be k(4). Let i = 24 - d. What are the prime factors of (-84)/(-10) - 12/i?
2
Let x(b) = b**2 + 7*b + 3. Let n = 0 + -6. Let v be x(n). What are the prime factors of (2 + v)/(4/(-36))?
3
Suppose 3*s - 7 = 116. What are the prime factors of s?
41
Let n(o) = -o**2 - o - 1. Let y(d) = -2*d - 5. Let m(i) = -4*n(i) + y(i). Suppose -2*b = 3*u - 4*b - 4, -4*u + 12 = -4*b. List the prime factors of m(u).
11
Let n(x) = 8*x**2 - 1. Let i = -2 - -2. Suppose 5*r + 6 - 1 = i. What are the prime factors of n(r)?
7
Suppose -4*g + 5*g - 49 = -3*b, -82 = -2*g + 2*b. What are the prime factors of g?
43
Let m = -62 + 35. Let a = 41 + m. List the prime factors of a.
2, 7
Suppose -3*u + 63 = f + 2*f, 4*f + 2*u = 76. Suppose -f + 45 = 2*l. List the prime factors of l.
2, 7
Let s be ((-4)/5)/((-4)/60). Let p(r) = r**3 - 13*r**2 + 17*r - 17. What are the prime factors of p(s)?
43
Let f(q) = q**3 - 3*q**2 + 2. Let b be f(2). Let v(a) = 2*a**2 - 2*a - 2. Let s be v(b). Suppose -t - t = -s. List the prime factors of t.
5
Let a(f) = f**2 + 16*f - 9. Let l(n) = n**2 + 16*n - 9. Let g(x) = 5*a(x) - 6*l(x). List the prime factors of g(-14).
37
List the prime factors of 15/6*(-1232)/(-35).
2, 11
Suppose -2*l + 11 = 3. Suppose 5*q - i = 42, -3*q + 14 = -l*i - 1. What are the prime factors of q?
3
Let l be (-1)/4 - 43/4. Let f = -7 - l. Suppose 0 = -3*g + k - 5 + 37, -g - f*k + 15 = 0. List the prime factors of g.
11
Let b(o) be the first derivative of o**4/4 + o**3/3 + o - 1. Let k(y) = y - 14. Let s be k(16). What are the prime factors of b(s)?
13
Suppose 8*b - 3*b + 4*l = 11, 0 = 5*b - 2*l - 17. Suppose -j - 16 - 17 = 5*c, 55 = -b*j - 4*c. Let d = 22 + j. What are the prime factors of d?
3
Suppose 4*k - 131 = -3*y, 5*y - 34 = 2*k + 219. Suppose -y = -2*b + b. List the prime factors of b.
7
Suppose 14 = 2*k - 24. List the prime factors of k.
19
Suppose 380 = 5*w + 105. What are the prime factors of w?
5, 11
Let w be -1 + 3 + -2*2. Let c(h) be the second derivative of -h**3 + h**2/2 - 4*h. List the prime factors of c(w).
13
Let t = -4 - -6. Let l(b) = -3*b**2 + 2*b**3 + b**2 + 3*b - 2*b - 1. List the prime factors of l(t).
3
Let n = 12 - 8. Let x = n + 8. What are the prime factors of x?
2, 3
List the prime factors of 2*-2*(-2)/4.
2
Let k(s) be the first derivative of -s**5/20 - s**4/24 + s**3/3 + 2. Let f(v) be the third derivative of k(v). List the prime factors of f(-2).
11
Let w(i) = 4*i + 42. What are the prime factors of w(-8)?
2, 5
Let j(w) = w**3 - 10*w**2 + w - 1. Let n be j(10). Suppose g + 4*v = -2, -4*g + g + 16 = v. What are the prime factors of 3*1*(n - g)?
3
Let z = 0 - 0. Suppose z = -c + 3 + 1. Suppose c*j - 40 = -j. What are the prime factors of j?
2
Let n = 51 - -285. What are the prime factors of n?
2, 3, 7
Let f be ((-6)/2 + -21)/(-1). Suppose 7*i = 5*i + f. What are the prime factors of i?
2, 3
Let n(g) be the second derivative of g**3/6 + 4*g**2 - 2*g. Let a be n(-5). Let t = a + 0. List the prime factors of t.
3
Let n(c) = -c**3 + 5*c**2 + c + 9. What are the prime factors of n(5)?
2, 7
What are the prime factors of 1058/14 + (-27)/(-63)?
2, 19
Let d = -41 + 53. What are the prime factors of d?
2, 3
Suppose 0*o + 17 = 3*o + b, -5*b = -3*o + 23. Suppose 0 + o = 3*q. Suppose -43 = -5*h + q. List the prime factors of h.
3
Let q be (-15)/12*16/2. Let s = 17 + q. List the prime factors of s.
7
Let t(a) = -a**2 - 2*a - a**3 + a**2 - 3*a**2 - 1. List the prime factors of t(-3).
5
Let x(t) = t**3 + 25*t**2 + 12*t - 57. List the prime factors of x(-24).
3, 7, 11
Suppose -c = 9 - 50. Suppose c + 29 = 5*y. What are the prime factors of ((-24)/28)/((-2)/y)?
2, 3
Let c(d) = 0*d**2 + 5*d - 2 - d + d**2. Let u be c(-5). Suppose 4*n = 3*n - 1, u*g - 34 = 4*n. List the prime factors of g.
2, 5
Suppose 6*j - 26 = -2. List the prime factors of j.
2
Let w = -8 + 9. Suppose -w - 9 = 5*f. What are the prime factors of (-1)/((4/26)/f)?
13
Suppose -302 = -3*x - 92. List the prime factors of x.
2, 5, 7
Suppose 5*c - 3*p - 13 = -0*p, 0 = 5*c + 5*p - 45. Let w(f) = -2 + 4*f - 4*f + 2*f. List the prime factors of w(c).
2
Let h(k) be the third derivative of k**6/360 + 